{"id":18849,"date":"2026-04-15T09:30:28","date_gmt":"2026-04-15T09:30:28","guid":{"rendered":"https:\/\/amatile.testdcip.com\/producto\/alfar-grana-65x20\/"},"modified":"2026-08-25T11:47:42","modified_gmt":"2026-08-25T11:47:42","slug":"alfar-grana-65x20","status":"publish","type":"product","link":"https:\/\/amatile.com\/en\/producto\/alfar-grana-65x20\/","title":{"rendered":"Alfar Grana 6,5&#215;20"},"content":{"rendered":"<p>Revestimiento cer\u00e1mico en formato 6,5\u00d720cm, con textura artesanal, cantos irregulares y un trabajado esmalte brillante. Su tonalidad blanca y c\u00e1lida transmite ligereza y pureza, acentuando la riqueza de reflejos y la expresividad del relieve. Es una pieza ideal para composiciones luminosas y serenas.<\/p>\n<p>Alfar es una serie de azulejos de peque\u00f1o formato, en 6,5\u00d720cm, que rinde homenaje al trabajo del alfarero y a la riqueza mat\u00e9rica de la cer\u00e1mica tradicional. Cada pieza presenta una textura pronunciada, bordes irregulares y un esmalte brillante y vidrioso que potencia los reflejos y resalta la singularidad de la superficie. La colecci\u00f3n incluye cuatro relieves diferentes y 36 caras gr\u00e1ficas, dise\u00f1adas individualmente, que aportan dinamismo visual y variedad sin perder coherencia.<\/p>\n<p>Disponible en ocho colores intensos y vibrantes, Alfar celebra el color como lenguaje cer\u00e1mico. Tonos que combinan contrastes fuertes, tradici\u00f3n y expresividad, generando revestimientos vivos, con car\u00e1cter y mucha personalidad. Su est\u00e9tica rica y su enfoque artesanal hacen de esta colecci\u00f3n una de las m\u00e1s potentes y vivas, perfecta para espacios residenciales, comerciales o contract que apuestan por la autenticidad de lo hecho a mano.<\/p>\n","protected":false},"excerpt":{"rendered":"<p>Alfar es una colecci\u00f3n de azulejos en formato 6,5&#215;20 tipo metro de inspiraci\u00f3n zellige y marroqu\u00ed para suelos y paredes de cocinas y ba\u00f1os.<\/p>\n","protected":false},"featured_media":14069,"template":"","meta":{"_joinchat":[]},"product_brand":[27],"product_cat":[628,17,630,631,640,633,638,634,636,641],"product_tag":[],"class_list":["post-18849","product","type-product","status-publish","has-post-thumbnail","product_brand-dune","product_cat-artesanal-y-boho","product_cat-azulejos","product_cat-banos","product_cat-cocinas","product_cat-colores-solidos","product_cat-estilo-zellige","product_cat-marroqui","product_cat-mediterraneo","product_cat-salones-y-dormitorios","product_cat-tipo-metro","first","instock","taxable","shipping-taxable","purchasable","product-type-simple"],"_links":{"self":[{"href":"https:\/\/amatile.com\/en\/wp-json\/wp\/v2\/product\/18849","targetHints":{"allow":["GET"]}}],"collection":[{"href":"https:\/\/amatile.com\/en\/wp-json\/wp\/v2\/product"}],"about":[{"href":"https:\/\/amatile.com\/en\/wp-json\/wp\/v2\/types\/product"}],"wp:featuredmedia":[{"embeddable":true,"href":"https:\/\/amatile.com\/en\/wp-json\/wp\/v2\/media\/14069"}],"wp:attachment":[{"href":"https:\/\/amatile.com\/en\/wp-json\/wp\/v2\/media?parent=18849"}],"wp:term":[{"taxonomy":"product_brand","embeddable":true,"href":"https:\/\/amatile.com\/en\/wp-json\/wp\/v2\/product_brand?post=18849"},{"taxonomy":"product_cat","embeddable":true,"href":"https:\/\/amatile.com\/en\/wp-json\/wp\/v2\/product_cat?post=18849"},{"taxonomy":"product_tag","embeddable":true,"href":"https:\/\/amatile.com\/en\/wp-json\/wp\/v2\/product_tag?post=18849"}],"curies":[{"name":"wp","href":"https:\/\/api.w.org\/{rel}","templated":true}]}}

<p>Revestimiento cerámico en formato 6,5×20cm, con textura artesanal, cantos irregulares y un trabajado esmalte brillante. Su tonalidad blanca y cálida transmite ligereza y pureza, acentuando la riqueza de reflejos y la expresividad del relieve. Es una pieza ideal para composiciones luminosas y serenas.</p>
<p>Alfar es una serie de azulejos de pequeño formato, en 6,5×20cm, que rinde homenaje al trabajo del alfarero y a la riqueza matérica de la cerámica tradicional. Cada pieza presenta una textura pronunciada, bordes irregulares y un esmalte brillante y vidrioso que potencia los reflejos y resalta la singularidad de la superficie. La colección incluye cuatro relieves diferentes y 36 caras gráficas, diseñadas individualmente, que aportan dinamismo visual y variedad sin perder coherencia.</p>
<p>Disponible en ocho colores intensos y vibrantes, Alfar celebra el color como lenguaje cerámico. Tonos que combinan contrastes fuertes, tradición y expresividad, generando revestimientos vivos, con carácter y mucha personalidad. Su estética rica y su enfoque artesanal hacen de esta colección una de las más potentes y vivas, perfecta para espacios residenciales, comerciales o contract que apuestan por la autenticidad de lo hecho a mano.</p>

<p>Alfar es una colección de azulejos en formato 6,5&#215;20 tipo metro de inspiración zellige y marroquí para suelos y paredes de cocinas y baños.</p>
